{"id":7,"date":"2017-01-17T11:10:27","date_gmt":"2017-01-17T10:10:27","guid":{"rendered":"http:\/\/www.immoprojekt-ulm.de\/?page_id=7"},"modified":"2019-02-12T16:58:32","modified_gmt":"2019-02-12T15:58:32","slug":"startseite","status":"publish","type":"page","link":"https:\/\/www.weltreisewerkstatt.de\/","title":{"rendered":"Startseite"},"content":{"rendered":"<p><strong>Weltreisewerkstatt &#8211; wir bauen weltreisetaugliche Fahrzeuge<\/strong><\/p>\n<p>Profitieren Sie von unserer langj\u00e4hrigen Erfahrung im Bereich Wohnkabinen- und Reisefahrzeugbau. Unsere Fahrzeuge (bis 3,5 Tonnen) basieren auf in der Praxis bew\u00e4hrten Systemen, auf die Sie sich verlassen k\u00f6nnen. Wir waren selbst auf vielen langen und gro\u00dfen Reisen und haben getestet, was wir anbieten. Wohnkabinen, Aufbauverl\u00e4ngerungen, Innenausbauten sowie elektrische Arbeiten werden bei uns in bester Qualit\u00e4t von erfahrenen Mechanikern durchgef\u00fchrt.<\/p>\n","protected":false},"excerpt":{"rendered":"<p>Weltreisewerkstatt &#8211; wir bauen weltreisetaugliche Fahrzeuge Profitieren Sie von unserer langj\u00e4hrigen Erfahrung im Bereich Wohnkabinen- und Reisefahrzeugbau. Unsere Fahrzeuge (bis 3,5 Tonnen) basieren auf in der Praxis bew\u00e4hrten Systemen, auf die Sie sich verlassen k\u00f6nnen. Wir waren selbst auf vielen langen und gro\u00dfen Reisen und haben getestet, was wir anbieten. Wohnkabinen, Aufbauverl\u00e4ngerungen, Innenausbauten sowie elektrische [&hellip;]<\/p>\n","protected":false},"author":1,"featured_media":0,"parent":0,"menu_order":0,"comment_status":"closed","ping_status":"closed","template":"","meta":{"footnotes":""},"class_list":["post-7","page","type-page","status-publish","hentry"],"_links":{"self":[{"href":"https:\/\/www.weltreisewerkstatt.de\/index.php?rest_route=\/wp\/v2\/pages\/7","targetHints":{"allow":["GET"]}}],"collection":[{"href":"https:\/\/www.weltreisewerkstatt.de\/index.php?rest_route=\/wp\/v2\/pages"}],"about":[{"href":"https:\/\/www.weltreisewerkstatt.de\/index.php?rest_route=\/wp\/v2\/types\/page"}],"author":[{"embeddable":true,"href":"https:\/\/www.weltreisewerkstatt.de\/index.php?rest_route=\/wp\/v2\/users\/1"}],"replies":[{"embeddable":true,"href":"https:\/\/www.weltreisewerkstatt.de\/index.php?rest_route=%2Fwp%2Fv2%2Fcomments&post=7"}],"version-history":[{"count":11,"href":"https:\/\/www.weltreisewerkstatt.de\/index.php?rest_route=\/wp\/v2\/pages\/7\/revisions"}],"predecessor-version":[{"id":299,"href":"https:\/\/www.weltreisewerkstatt.de\/index.php?rest_route=\/wp\/v2\/pages\/7\/revisions\/299"}],"wp:attachment":[{"href":"https:\/\/www.weltreisewerkstatt.de\/index.php?rest_route=%2Fwp%2Fv2%2Fmedia&parent=7"}],"curies":[{"name":"wp","href":"https:\/\/api.w.org\/{rel}","templated":true}]}}