{"id":106,"date":"2019-02-11T12:35:14","date_gmt":"2019-02-11T11:35:14","guid":{"rendered":"http:\/\/www.weltreisewerkstatt.de\/?page_id=106"},"modified":"2019-02-12T17:02:15","modified_gmt":"2019-02-12T16:02:15","slug":"motorenrevision","status":"publish","type":"page","link":"http:\/\/www.weltreisewerkstatt.de\/?page_id=106","title":{"rendered":"Motorenrevision"},"content":{"rendered":"\n<p>Mit langj\u00e4hriger Erfahrung revidieren wir Otto- und Dieselmotoren f\u00fcr PKW und Nutzfahrzeuge bis 3,5 Tonnen. Vom Austausch der Kopfdichtung \u00fcber Revision von Zylinderk\u00f6pfen bis hin zum Erneuern von Kolbenringen und Lagerschalen f\u00fchren wir alle Arbeiten durch. Auch das Einsetzen von \u00dcberma\u00dfkolben und \u00dcberma\u00dflagerschalen ist bei uns m\u00f6glich.<br><br><\/p>\n\n\n\n<p><\/p>\n\n\n\n<p><\/p>\n\n\n\n<ul class=\"wp-block-gallery columns-3 is-cropped wp-block-gallery-1 is-layout-flex wp-block-gallery-is-layout-flex\"><li class=\"blocks-gallery-item\"><figure><img loading=\"lazy\" decoding=\"async\" width=\"1024\" height=\"768\" src=\"http:\/\/www.weltreisewerkstatt.de\/wp-content\/uploads\/2019\/02\/IMG_20170918_181503-1024x768.jpg\" alt=\"\" data-id=\"122\" data-link=\"http:\/\/www.weltreisewerkstatt.de\/?attachment_id=122\" class=\"wp-image-122\" srcset=\"http:\/\/www.weltreisewerkstatt.de\/wp-content\/uploads\/2019\/02\/IMG_20170918_181503-1024x768.jpg 1024w, http:\/\/www.weltreisewerkstatt.de\/wp-content\/uploads\/2019\/02\/IMG_20170918_181503-150x113.jpg 150w, http:\/\/www.weltreisewerkstatt.de\/wp-content\/uploads\/2019\/02\/IMG_20170918_181503-300x225.jpg 300w, http:\/\/www.weltreisewerkstatt.de\/wp-content\/uploads\/2019\/02\/IMG_20170918_181503-768x576.jpg 768w, http:\/\/www.weltreisewerkstatt.de\/wp-content\/uploads\/2019\/02\/IMG_20170918_181503.jpg 1240w\" sizes=\"auto, (max-width: 1024px) 100vw, 1024px\" \/><\/figure><\/li><li class=\"blocks-gallery-item\"><figure><img loading=\"lazy\" decoding=\"async\" width=\"1024\" height=\"575\" src=\"http:\/\/www.weltreisewerkstatt.de\/wp-content\/uploads\/2019\/02\/IMG_20161030_132653-1024x575.jpg\" alt=\"\" data-id=\"120\" data-link=\"http:\/\/www.weltreisewerkstatt.de\/?attachment_id=120\" class=\"wp-image-120\" srcset=\"http:\/\/www.weltreisewerkstatt.de\/wp-content\/uploads\/2019\/02\/IMG_20161030_132653-1024x575.jpg 1024w, http:\/\/www.weltreisewerkstatt.de\/wp-content\/uploads\/2019\/02\/IMG_20161030_132653-150x84.jpg 150w, http:\/\/www.weltreisewerkstatt.de\/wp-content\/uploads\/2019\/02\/IMG_20161030_132653-300x168.jpg 300w, http:\/\/www.weltreisewerkstatt.de\/wp-content\/uploads\/2019\/02\/IMG_20161030_132653-768x431.jpg 768w, http:\/\/www.weltreisewerkstatt.de\/wp-content\/uploads\/2019\/02\/IMG_20161030_132653.jpg 1656w\" sizes=\"auto, (max-width: 1024px) 100vw, 1024px\" \/><\/figure><\/li><li class=\"blocks-gallery-item\"><figure><img loading=\"lazy\" decoding=\"async\" width=\"1024\" height=\"576\" src=\"http:\/\/www.weltreisewerkstatt.de\/wp-content\/uploads\/2019\/02\/20181201_094608-1024x576.jpg\" alt=\"\" data-id=\"108\" data-link=\"http:\/\/www.weltreisewerkstatt.de\/?attachment_id=108\" class=\"wp-image-108\" srcset=\"http:\/\/www.weltreisewerkstatt.de\/wp-content\/uploads\/2019\/02\/20181201_094608-1024x576.jpg 1024w, http:\/\/www.weltreisewerkstatt.de\/wp-content\/uploads\/2019\/02\/20181201_094608-150x84.jpg 150w, http:\/\/www.weltreisewerkstatt.de\/wp-content\/uploads\/2019\/02\/20181201_094608-300x169.jpg 300w, http:\/\/www.weltreisewerkstatt.de\/wp-content\/uploads\/2019\/02\/20181201_094608-768x432.jpg 768w, http:\/\/www.weltreisewerkstatt.de\/wp-content\/uploads\/2019\/02\/20181201_094608.jpg 1654w\" sizes=\"auto, (max-width: 1024px) 100vw, 1024px\" \/><\/figure><\/li><li class=\"blocks-gallery-item\"><figure><img loading=\"lazy\" decoding=\"async\" width=\"523\" height=\"930\" src=\"http:\/\/www.weltreisewerkstatt.de\/wp-content\/uploads\/2019\/02\/20181206_235731.jpg\" alt=\"\" data-id=\"109\" data-link=\"http:\/\/www.weltreisewerkstatt.de\/?attachment_id=109\" class=\"wp-image-109\" srcset=\"http:\/\/www.weltreisewerkstatt.de\/wp-content\/uploads\/2019\/02\/20181206_235731.jpg 523w, http:\/\/www.weltreisewerkstatt.de\/wp-content\/uploads\/2019\/02\/20181206_235731-84x150.jpg 84w, http:\/\/www.weltreisewerkstatt.de\/wp-content\/uploads\/2019\/02\/20181206_235731-169x300.jpg 169w\" sizes=\"auto, (max-width: 523px) 100vw, 523px\" \/><\/figure><\/li><li class=\"blocks-gallery-item\"><figure><img loading=\"lazy\" decoding=\"async\" width=\"1024\" height=\"575\" src=\"http:\/\/www.weltreisewerkstatt.de\/wp-content\/uploads\/2019\/02\/IMG_20150824_124157-1024x575.jpg\" alt=\"\" data-id=\"217\" data-link=\"http:\/\/www.weltreisewerkstatt.de\/?attachment_id=217\" class=\"wp-image-217\" srcset=\"http:\/\/www.weltreisewerkstatt.de\/wp-content\/uploads\/2019\/02\/IMG_20150824_124157-1024x575.jpg 1024w, http:\/\/www.weltreisewerkstatt.de\/wp-content\/uploads\/2019\/02\/IMG_20150824_124157-150x84.jpg 150w, http:\/\/www.weltreisewerkstatt.de\/wp-content\/uploads\/2019\/02\/IMG_20150824_124157-300x168.jpg 300w, http:\/\/www.weltreisewerkstatt.de\/wp-content\/uploads\/2019\/02\/IMG_20150824_124157-768x431.jpg 768w, http:\/\/www.weltreisewerkstatt.de\/wp-content\/uploads\/2019\/02\/IMG_20150824_124157.jpg 1583w\" sizes=\"auto, (max-width: 1024px) 100vw, 1024px\" \/><\/figure><\/li><li class=\"blocks-gallery-item\"><figure><img loading=\"lazy\" decoding=\"async\" width=\"1024\" height=\"576\" src=\"http:\/\/www.weltreisewerkstatt.de\/wp-content\/uploads\/2019\/02\/20181207_001017-1024x576.jpg\" alt=\"\" data-id=\"110\" data-link=\"http:\/\/www.weltreisewerkstatt.de\/?attachment_id=110\" class=\"wp-image-110\" srcset=\"http:\/\/www.weltreisewerkstatt.de\/wp-content\/uploads\/2019\/02\/20181207_001017-1024x576.jpg 1024w, http:\/\/www.weltreisewerkstatt.de\/wp-content\/uploads\/2019\/02\/20181207_001017-150x84.jpg 150w, http:\/\/www.weltreisewerkstatt.de\/wp-content\/uploads\/2019\/02\/20181207_001017-300x169.jpg 300w, http:\/\/www.weltreisewerkstatt.de\/wp-content\/uploads\/2019\/02\/20181207_001017-768x432.jpg 768w, http:\/\/www.weltreisewerkstatt.de\/wp-content\/uploads\/2019\/02\/20181207_001017.jpg 1654w\" sizes=\"auto, (max-width: 1024px) 100vw, 1024px\" \/><\/figure><\/li><li class=\"blocks-gallery-item\"><figure><img loading=\"lazy\" decoding=\"async\" width=\"1024\" height=\"576\" src=\"http:\/\/www.weltreisewerkstatt.de\/wp-content\/uploads\/2019\/02\/20181207_001023-1024x576.jpg\" alt=\"\" data-id=\"111\" data-link=\"http:\/\/www.weltreisewerkstatt.de\/?attachment_id=111\" class=\"wp-image-111\" srcset=\"http:\/\/www.weltreisewerkstatt.de\/wp-content\/uploads\/2019\/02\/20181207_001023-1024x576.jpg 1024w, http:\/\/www.weltreisewerkstatt.de\/wp-content\/uploads\/2019\/02\/20181207_001023-150x84.jpg 150w, http:\/\/www.weltreisewerkstatt.de\/wp-content\/uploads\/2019\/02\/20181207_001023-300x169.jpg 300w, http:\/\/www.weltreisewerkstatt.de\/wp-content\/uploads\/2019\/02\/20181207_001023-768x432.jpg 768w, http:\/\/www.weltreisewerkstatt.de\/wp-content\/uploads\/2019\/02\/20181207_001023.jpg 1654w\" sizes=\"auto, (max-width: 1024px) 100vw, 1024px\" \/><\/figure><\/li><li class=\"blocks-gallery-item\"><figure><img loading=\"lazy\" decoding=\"async\" width=\"1024\" height=\"576\" src=\"http:\/\/www.weltreisewerkstatt.de\/wp-content\/uploads\/2019\/02\/20181130_141122-1024x576.jpg\" alt=\"\" data-id=\"107\" data-link=\"http:\/\/www.weltreisewerkstatt.de\/?attachment_id=107\" class=\"wp-image-107\" srcset=\"http:\/\/www.weltreisewerkstatt.de\/wp-content\/uploads\/2019\/02\/20181130_141122-1024x576.jpg 1024w, http:\/\/www.weltreisewerkstatt.de\/wp-content\/uploads\/2019\/02\/20181130_141122-150x84.jpg 150w, http:\/\/www.weltreisewerkstatt.de\/wp-content\/uploads\/2019\/02\/20181130_141122-300x169.jpg 300w, http:\/\/www.weltreisewerkstatt.de\/wp-content\/uploads\/2019\/02\/20181130_141122-768x432.jpg 768w, http:\/\/www.weltreisewerkstatt.de\/wp-content\/uploads\/2019\/02\/20181130_141122.jpg 1654w\" sizes=\"auto, (max-width: 1024px) 100vw, 1024px\" \/><\/figure><\/li><li class=\"blocks-gallery-item\"><figure><img loading=\"lazy\" decoding=\"async\" width=\"1024\" height=\"768\" src=\"http:\/\/www.weltreisewerkstatt.de\/wp-content\/uploads\/2019\/02\/IMG_20171021_143818-1024x768.jpg\" alt=\"\" data-id=\"125\" data-link=\"http:\/\/www.weltreisewerkstatt.de\/?attachment_id=125\" class=\"wp-image-125\" srcset=\"http:\/\/www.weltreisewerkstatt.de\/wp-content\/uploads\/2019\/02\/IMG_20171021_143818-1024x768.jpg 1024w, http:\/\/www.weltreisewerkstatt.de\/wp-content\/uploads\/2019\/02\/IMG_20171021_143818-150x113.jpg 150w, http:\/\/www.weltreisewerkstatt.de\/wp-content\/uploads\/2019\/02\/IMG_20171021_143818-300x225.jpg 300w, http:\/\/www.weltreisewerkstatt.de\/wp-content\/uploads\/2019\/02\/IMG_20171021_143818-768x576.jpg 768w, http:\/\/www.weltreisewerkstatt.de\/wp-content\/uploads\/2019\/02\/IMG_20171021_143818.jpg 1240w\" sizes=\"auto, (max-width: 1024px) 100vw, 1024px\" \/><\/figure><\/li><li class=\"blocks-gallery-item\"><figure><img loading=\"lazy\" decoding=\"async\" width=\"165\" height=\"220\" src=\"http:\/\/www.weltreisewerkstatt.de\/wp-content\/uploads\/2019\/02\/IMG_20151113_131427.jpg\" alt=\"\" data-id=\"112\" data-link=\"http:\/\/www.weltreisewerkstatt.de\/?attachment_id=112\" class=\"wp-image-112\" srcset=\"http:\/\/www.weltreisewerkstatt.de\/wp-content\/uploads\/2019\/02\/IMG_20151113_131427.jpg 165w, http:\/\/www.weltreisewerkstatt.de\/wp-content\/uploads\/2019\/02\/IMG_20151113_131427-113x150.jpg 113w\" sizes=\"auto, (max-width: 165px) 100vw, 165px\" \/><\/figure><\/li><li class=\"blocks-gallery-item\"><figure><img loading=\"lazy\" decoding=\"async\" width=\"311\" height=\"233\" src=\"http:\/\/www.weltreisewerkstatt.de\/wp-content\/uploads\/2019\/02\/IMG_20151114_141335.jpg\" alt=\"\" data-id=\"113\" data-link=\"http:\/\/www.weltreisewerkstatt.de\/?attachment_id=113\" class=\"wp-image-113\" srcset=\"http:\/\/www.weltreisewerkstatt.de\/wp-content\/uploads\/2019\/02\/IMG_20151114_141335.jpg 311w, http:\/\/www.weltreisewerkstatt.de\/wp-content\/uploads\/2019\/02\/IMG_20151114_141335-150x112.jpg 150w, http:\/\/www.weltreisewerkstatt.de\/wp-content\/uploads\/2019\/02\/IMG_20151114_141335-300x225.jpg 300w\" sizes=\"auto, (max-width: 311px) 100vw, 311px\" \/><\/figure><\/li><li class=\"blocks-gallery-item\"><figure><img loading=\"lazy\" decoding=\"async\" width=\"1024\" height=\"768\" src=\"http:\/\/www.weltreisewerkstatt.de\/wp-content\/uploads\/2019\/02\/IMG_20151121_111147-1024x768.jpg\" alt=\"\" data-id=\"114\" data-link=\"http:\/\/www.weltreisewerkstatt.de\/?attachment_id=114\" class=\"wp-image-114\" srcset=\"http:\/\/www.weltreisewerkstatt.de\/wp-content\/uploads\/2019\/02\/IMG_20151121_111147-1024x768.jpg 1024w, http:\/\/www.weltreisewerkstatt.de\/wp-content\/uploads\/2019\/02\/IMG_20151121_111147-150x113.jpg 150w, http:\/\/www.weltreisewerkstatt.de\/wp-content\/uploads\/2019\/02\/IMG_20151121_111147-300x225.jpg 300w, http:\/\/www.weltreisewerkstatt.de\/wp-content\/uploads\/2019\/02\/IMG_20151121_111147-768x576.jpg 768w, http:\/\/www.weltreisewerkstatt.de\/wp-content\/uploads\/2019\/02\/IMG_20151121_111147.jpg 1240w\" sizes=\"auto, (max-width: 1024px) 100vw, 1024px\" \/><\/figure><\/li><li class=\"blocks-gallery-item\"><figure><img loading=\"lazy\" decoding=\"async\" width=\"1024\" height=\"768\" src=\"http:\/\/www.weltreisewerkstatt.de\/wp-content\/uploads\/2019\/02\/IMG_20151121_111206-1024x768.jpg\" alt=\"\" data-id=\"115\" data-link=\"http:\/\/www.weltreisewerkstatt.de\/?attachment_id=115\" class=\"wp-image-115\" srcset=\"http:\/\/www.weltreisewerkstatt.de\/wp-content\/uploads\/2019\/02\/IMG_20151121_111206-1024x768.jpg 1024w, http:\/\/www.weltreisewerkstatt.de\/wp-content\/uploads\/2019\/02\/IMG_20151121_111206-150x113.jpg 150w, http:\/\/www.weltreisewerkstatt.de\/wp-content\/uploads\/2019\/02\/IMG_20151121_111206-300x225.jpg 300w, http:\/\/www.weltreisewerkstatt.de\/wp-content\/uploads\/2019\/02\/IMG_20151121_111206-768x576.jpg 768w, http:\/\/www.weltreisewerkstatt.de\/wp-content\/uploads\/2019\/02\/IMG_20151121_111206.jpg 1240w\" sizes=\"auto, (max-width: 1024px) 100vw, 1024px\" \/><\/figure><\/li><li class=\"blocks-gallery-item\"><figure><img loading=\"lazy\" decoding=\"async\" width=\"1024\" height=\"768\" src=\"http:\/\/www.weltreisewerkstatt.de\/wp-content\/uploads\/2019\/02\/IMG_20151121_115651-1024x768.jpg\" alt=\"\" data-id=\"116\" data-link=\"http:\/\/www.weltreisewerkstatt.de\/?attachment_id=116\" class=\"wp-image-116\" srcset=\"http:\/\/www.weltreisewerkstatt.de\/wp-content\/uploads\/2019\/02\/IMG_20151121_115651-1024x768.jpg 1024w, http:\/\/www.weltreisewerkstatt.de\/wp-content\/uploads\/2019\/02\/IMG_20151121_115651-150x113.jpg 150w, http:\/\/www.weltreisewerkstatt.de\/wp-content\/uploads\/2019\/02\/IMG_20151121_115651-300x225.jpg 300w, http:\/\/www.weltreisewerkstatt.de\/wp-content\/uploads\/2019\/02\/IMG_20151121_115651-768x576.jpg 768w, http:\/\/www.weltreisewerkstatt.de\/wp-content\/uploads\/2019\/02\/IMG_20151121_115651.jpg 1240w\" sizes=\"auto, (max-width: 1024px) 100vw, 1024px\" \/><\/figure><\/li><li class=\"blocks-gallery-item\"><figure><img loading=\"lazy\" decoding=\"async\" width=\"1024\" height=\"768\" src=\"http:\/\/www.weltreisewerkstatt.de\/wp-content\/uploads\/2019\/02\/IMG_20171022_203753-1024x768.jpg\" alt=\"\" data-id=\"209\" data-link=\"http:\/\/www.weltreisewerkstatt.de\/?attachment_id=209\" class=\"wp-image-209\" srcset=\"http:\/\/www.weltreisewerkstatt.de\/wp-content\/uploads\/2019\/02\/IMG_20171022_203753-1024x768.jpg 1024w, http:\/\/www.weltreisewerkstatt.de\/wp-content\/uploads\/2019\/02\/IMG_20171022_203753-150x113.jpg 150w, http:\/\/www.weltreisewerkstatt.de\/wp-content\/uploads\/2019\/02\/IMG_20171022_203753-300x225.jpg 300w, http:\/\/www.weltreisewerkstatt.de\/wp-content\/uploads\/2019\/02\/IMG_20171022_203753-768x576.jpg 768w, http:\/\/www.weltreisewerkstatt.de\/wp-content\/uploads\/2019\/02\/IMG_20171022_203753.jpg 1185w\" sizes=\"auto, (max-width: 1024px) 100vw, 1024px\" \/><\/figure><\/li><li class=\"blocks-gallery-item\"><figure><img loading=\"lazy\" decoding=\"async\" width=\"522\" height=\"930\" src=\"http:\/\/www.weltreisewerkstatt.de\/wp-content\/uploads\/2019\/02\/IMG_20161030_100034.jpg\" alt=\"\" data-id=\"117\" data-link=\"http:\/\/www.weltreisewerkstatt.de\/?attachment_id=117\" class=\"wp-image-117\" srcset=\"http:\/\/www.weltreisewerkstatt.de\/wp-content\/uploads\/2019\/02\/IMG_20161030_100034.jpg 522w, http:\/\/www.weltreisewerkstatt.de\/wp-content\/uploads\/2019\/02\/IMG_20161030_100034-84x150.jpg 84w, http:\/\/www.weltreisewerkstatt.de\/wp-content\/uploads\/2019\/02\/IMG_20161030_100034-168x300.jpg 168w\" sizes=\"auto, (max-width: 522px) 100vw, 522px\" \/><\/figure><\/li><li class=\"blocks-gallery-item\"><figure><img loading=\"lazy\" decoding=\"async\" width=\"405\" height=\"227\" src=\"http:\/\/www.weltreisewerkstatt.de\/wp-content\/uploads\/2019\/02\/IMG_20161030_110132.jpg\" alt=\"\" data-id=\"118\" data-link=\"http:\/\/www.weltreisewerkstatt.de\/?attachment_id=118\" class=\"wp-image-118\" srcset=\"http:\/\/www.weltreisewerkstatt.de\/wp-content\/uploads\/2019\/02\/IMG_20161030_110132.jpg 405w, http:\/\/www.weltreisewerkstatt.de\/wp-content\/uploads\/2019\/02\/IMG_20161030_110132-150x84.jpg 150w, http:\/\/www.weltreisewerkstatt.de\/wp-content\/uploads\/2019\/02\/IMG_20161030_110132-300x168.jpg 300w\" sizes=\"auto, (max-width: 405px) 100vw, 405px\" \/><\/figure><\/li><li class=\"blocks-gallery-item\"><figure><img loading=\"lazy\" decoding=\"async\" width=\"400\" height=\"224\" src=\"http:\/\/www.weltreisewerkstatt.de\/wp-content\/uploads\/2019\/02\/IMG_20161030_115110.jpg\" alt=\"\" data-id=\"119\" data-link=\"http:\/\/www.weltreisewerkstatt.de\/?attachment_id=119\" class=\"wp-image-119\" srcset=\"http:\/\/www.weltreisewerkstatt.de\/wp-content\/uploads\/2019\/02\/IMG_20161030_115110.jpg 400w, http:\/\/www.weltreisewerkstatt.de\/wp-content\/uploads\/2019\/02\/IMG_20161030_115110-150x84.jpg 150w, http:\/\/www.weltreisewerkstatt.de\/wp-content\/uploads\/2019\/02\/IMG_20161030_115110-300x168.jpg 300w\" sizes=\"auto, (max-width: 400px) 100vw, 400px\" \/><\/figure><\/li><li class=\"blocks-gallery-item\"><figure><img loading=\"lazy\" decoding=\"async\" width=\"522\" height=\"930\" src=\"http:\/\/www.weltreisewerkstatt.de\/wp-content\/uploads\/2019\/02\/IMG_20161030_132656.jpg\" alt=\"\" data-id=\"121\" data-link=\"http:\/\/www.weltreisewerkstatt.de\/?attachment_id=121\" class=\"wp-image-121\" srcset=\"http:\/\/www.weltreisewerkstatt.de\/wp-content\/uploads\/2019\/02\/IMG_20161030_132656.jpg 522w, http:\/\/www.weltreisewerkstatt.de\/wp-content\/uploads\/2019\/02\/IMG_20161030_132656-84x150.jpg 84w, http:\/\/www.weltreisewerkstatt.de\/wp-content\/uploads\/2019\/02\/IMG_20161030_132656-168x300.jpg 168w\" sizes=\"auto, (max-width: 522px) 100vw, 522px\" \/><\/figure><\/li><li class=\"blocks-gallery-item\"><figure><img loading=\"lazy\" decoding=\"async\" width=\"1024\" height=\"768\" src=\"http:\/\/www.weltreisewerkstatt.de\/wp-content\/uploads\/2019\/02\/IMG_20170928_161523-1024x768.jpg\" alt=\"\" data-id=\"123\" data-link=\"http:\/\/www.weltreisewerkstatt.de\/?attachment_id=123\" class=\"wp-image-123\" srcset=\"http:\/\/www.weltreisewerkstatt.de\/wp-content\/uploads\/2019\/02\/IMG_20170928_161523-1024x768.jpg 1024w, http:\/\/www.weltreisewerkstatt.de\/wp-content\/uploads\/2019\/02\/IMG_20170928_161523-150x113.jpg 150w, http:\/\/www.weltreisewerkstatt.de\/wp-content\/uploads\/2019\/02\/IMG_20170928_161523-300x225.jpg 300w, http:\/\/www.weltreisewerkstatt.de\/wp-content\/uploads\/2019\/02\/IMG_20170928_161523-768x576.jpg 768w, http:\/\/www.weltreisewerkstatt.de\/wp-content\/uploads\/2019\/02\/IMG_20170928_161523.jpg 1240w\" sizes=\"auto, (max-width: 1024px) 100vw, 1024px\" \/><\/figure><\/li><li class=\"blocks-gallery-item\"><figure><img loading=\"lazy\" decoding=\"async\" width=\"1024\" height=\"768\" src=\"http:\/\/www.weltreisewerkstatt.de\/wp-content\/uploads\/2019\/02\/IMG_20170930_171255-1024x768.jpg\" alt=\"\" data-id=\"124\" data-link=\"http:\/\/www.weltreisewerkstatt.de\/?attachment_id=124\" class=\"wp-image-124\" srcset=\"http:\/\/www.weltreisewerkstatt.de\/wp-content\/uploads\/2019\/02\/IMG_20170930_171255-1024x768.jpg 1024w, http:\/\/www.weltreisewerkstatt.de\/wp-content\/uploads\/2019\/02\/IMG_20170930_171255-150x113.jpg 150w, http:\/\/www.weltreisewerkstatt.de\/wp-content\/uploads\/2019\/02\/IMG_20170930_171255-300x225.jpg 300w, http:\/\/www.weltreisewerkstatt.de\/wp-content\/uploads\/2019\/02\/IMG_20170930_171255-768x576.jpg 768w, http:\/\/www.weltreisewerkstatt.de\/wp-content\/uploads\/2019\/02\/IMG_20170930_171255.jpg 1240w\" sizes=\"auto, (max-width: 1024px) 100vw, 1024px\" \/><\/figure><\/li><li class=\"blocks-gallery-item\"><figure><img loading=\"lazy\" decoding=\"async\" width=\"698\" height=\"930\" src=\"http:\/\/www.weltreisewerkstatt.de\/wp-content\/uploads\/2019\/02\/IMG_20171108_180802.jpg\" alt=\"\" data-id=\"126\" data-link=\"http:\/\/www.weltreisewerkstatt.de\/?attachment_id=126\" class=\"wp-image-126\" srcset=\"http:\/\/www.weltreisewerkstatt.de\/wp-content\/uploads\/2019\/02\/IMG_20171108_180802.jpg 698w, http:\/\/www.weltreisewerkstatt.de\/wp-content\/uploads\/2019\/02\/IMG_20171108_180802-113x150.jpg 113w, http:\/\/www.weltreisewerkstatt.de\/wp-content\/uploads\/2019\/02\/IMG_20171108_180802-225x300.jpg 225w\" sizes=\"auto, (max-width: 698px) 100vw, 698px\" \/><\/figure><\/li><li class=\"blocks-gallery-item\"><figure><img loading=\"lazy\" decoding=\"async\" width=\"698\" height=\"930\" src=\"http:\/\/www.weltreisewerkstatt.de\/wp-content\/uploads\/2019\/02\/IMG_20180322_154127.jpg\" alt=\"\" data-id=\"127\" data-link=\"http:\/\/www.weltreisewerkstatt.de\/?attachment_id=127\" class=\"wp-image-127\" srcset=\"http:\/\/www.weltreisewerkstatt.de\/wp-content\/uploads\/2019\/02\/IMG_20180322_154127.jpg 698w, http:\/\/www.weltreisewerkstatt.de\/wp-content\/uploads\/2019\/02\/IMG_20180322_154127-113x150.jpg 113w, http:\/\/www.weltreisewerkstatt.de\/wp-content\/uploads\/2019\/02\/IMG_20180322_154127-225x300.jpg 225w\" sizes=\"auto, (max-width: 698px) 100vw, 698px\" \/><\/figure><\/li><li class=\"blocks-gallery-item\"><figure><img loading=\"lazy\" decoding=\"async\" width=\"698\" height=\"930\" src=\"http:\/\/www.weltreisewerkstatt.de\/wp-content\/uploads\/2019\/02\/IMG_20180326_153240.jpg\" alt=\"\" data-id=\"128\" data-link=\"http:\/\/www.weltreisewerkstatt.de\/?attachment_id=128\" class=\"wp-image-128\" srcset=\"http:\/\/www.weltreisewerkstatt.de\/wp-content\/uploads\/2019\/02\/IMG_20180326_153240.jpg 698w, http:\/\/www.weltreisewerkstatt.de\/wp-content\/uploads\/2019\/02\/IMG_20180326_153240-113x150.jpg 113w, http:\/\/www.weltreisewerkstatt.de\/wp-content\/uploads\/2019\/02\/IMG_20180326_153240-225x300.jpg 225w\" sizes=\"auto, (max-width: 698px) 100vw, 698px\" \/><\/figure><\/li><li class=\"blocks-gallery-item\"><figure><img loading=\"lazy\" decoding=\"async\" width=\"667\" height=\"889\" src=\"http:\/\/www.weltreisewerkstatt.de\/wp-content\/uploads\/2019\/02\/IMG_20171022_203830.jpg\" alt=\"\" data-id=\"210\" data-link=\"http:\/\/www.weltreisewerkstatt.de\/?attachment_id=210\" class=\"wp-image-210\" srcset=\"http:\/\/www.weltreisewerkstatt.de\/wp-content\/uploads\/2019\/02\/IMG_20171022_203830.jpg 667w, http:\/\/www.weltreisewerkstatt.de\/wp-content\/uploads\/2019\/02\/IMG_20171022_203830-113x150.jpg 113w, http:\/\/www.weltreisewerkstatt.de\/wp-content\/uploads\/2019\/02\/IMG_20171022_203830-225x300.jpg 225w\" sizes=\"auto, (max-width: 667px) 100vw, 667px\" \/><\/figure><\/li><li class=\"blocks-gallery-item\"><figure><img loading=\"lazy\" decoding=\"async\" width=\"1024\" height=\"575\" src=\"http:\/\/www.weltreisewerkstatt.de\/wp-content\/uploads\/2019\/02\/IMG_20150824_101733-1024x575.jpg\" alt=\"\" data-id=\"216\" data-link=\"http:\/\/www.weltreisewerkstatt.de\/?attachment_id=216\" class=\"wp-image-216\" srcset=\"http:\/\/www.weltreisewerkstatt.de\/wp-content\/uploads\/2019\/02\/IMG_20150824_101733-1024x575.jpg 1024w, http:\/\/www.weltreisewerkstatt.de\/wp-content\/uploads\/2019\/02\/IMG_20150824_101733-150x84.jpg 150w, http:\/\/www.weltreisewerkstatt.de\/wp-content\/uploads\/2019\/02\/IMG_20150824_101733-300x168.jpg 300w, http:\/\/www.weltreisewerkstatt.de\/wp-content\/uploads\/2019\/02\/IMG_20150824_101733-768x431.jpg 768w, http:\/\/www.weltreisewerkstatt.de\/wp-content\/uploads\/2019\/02\/IMG_20150824_101733.jpg 1583w\" sizes=\"auto, (max-width: 1024px) 100vw, 1024px\" \/><\/figure><\/li><\/ul>\n","protected":false},"excerpt":{"rendered":"<p>Mit langj\u00e4hriger Erfahrung revidieren wir Otto- und Dieselmotoren f\u00fcr PKW und Nutzfahrzeuge bis 3,5 Tonnen. Vom Austausch der Kopfdichtung \u00fcber Revision von Zylinderk\u00f6pfen bis hin zum Erneuern von Kolbenringen und Lagerschalen f\u00fchren wir alle Arbeiten durch. Auch das Einsetzen von \u00dcberma\u00dfkolben und \u00dcberma\u00dflagerschalen ist bei uns m\u00f6glich.<\/p>\n","protected":false},"author":1,"featured_media":0,"parent":0,"menu_order":0,"comment_status":"closed","ping_status":"closed","template":"","meta":{"footnotes":""},"class_list":["post-106","page","type-page","status-publish","hentry"],"_links":{"self":[{"href":"http:\/\/www.weltreisewerkstatt.de\/index.php?rest_route=\/wp\/v2\/pages\/106","targetHints":{"allow":["GET"]}}],"collection":[{"href":"http:\/\/www.weltreisewerkstatt.de\/index.php?rest_route=\/wp\/v2\/pages"}],"about":[{"href":"http:\/\/www.weltreisewerkstatt.de\/index.php?rest_route=\/wp\/v2\/types\/page"}],"author":[{"embeddable":true,"href":"http:\/\/www.weltreisewerkstatt.de\/index.php?rest_route=\/wp\/v2\/users\/1"}],"replies":[{"embeddable":true,"href":"http:\/\/www.weltreisewerkstatt.de\/index.php?rest_route=%2Fwp%2Fv2%2Fcomments&post=106"}],"version-history":[{"count":9,"href":"http:\/\/www.weltreisewerkstatt.de\/index.php?rest_route=\/wp\/v2\/pages\/106\/revisions"}],"predecessor-version":[{"id":302,"href":"http:\/\/www.weltreisewerkstatt.de\/index.php?rest_route=\/wp\/v2\/pages\/106\/revisions\/302"}],"wp:attachment":[{"href":"http:\/\/www.weltreisewerkstatt.de\/index.php?rest_route=%2Fwp%2Fv2%2Fmedia&parent=106"}],"curies":[{"name":"wp","href":"https:\/\/api.w.org\/{rel}","templated":true}]}}